What are the prime factors of j(1)?
2, 137
Let k(b) = -b**2 - 4*b - 26. Let s(x) be the first derivative of -x**3/3 - 5*x**2/2 - 27*x - 4. Let q(f) = 2*k(f) - 3*s(f). List the prime factors of q(-8).
37
Suppose -87344 = -53*y + 732619. What are the prime factors of y?
3, 191
Let p(k) = -k**2 + 15*k + 16. Let i = -51 - -43. Let x be p(i). What are the prime factors of (2 - 0) + x/(-2)?
2, 43
Let f(o) = 3 - 7625*o + 7626*o + 0 + 2. Suppose 0 = 3*b + 3 - 6. What are the prime factors of f(b)?
2, 3
Suppose -2*i - 281 + 261 = 0. Let n = -37 + 69. Let k = n + i. What are the prime factors of k?
2, 11
Let j = 147 - 145. Suppose -4*c - 1212 = -9*c - j*m, -4*c - 3*m + 964 = 0. List the prime factors of c.
2, 61
Let v(k) = -k**2 - 51*k + 52. Let o be v(-36). Let w = 975 - o. List the prime factors of w.
383
Suppose 2*j = -2*z - 18, z + 3 = j + j. List the prime factors of 50 + z + 1 + 5.
7
Let s = -22 - -83. Suppose 253 = 2*k + s. What are the prime factors of (k/10)/((-3)/(-30))?
2, 3
Let q(l) = l**2 - 4*l + 37. Let i be q(23). Let s = i - 144. List the prime factors of s.
2, 3, 5, 11
Let a(u) = 31*u**2 + 4*u + 28. Suppose 2*o - 4*j = 4, 5*o = j - 3*j - 26. List the prime factors of a(o).
2, 127
Let i(d) = -3*d**3 - 18*d**2 + 8*d - 9. Let a be i(-7). Let z = a + 934. What are the prime factors of z?
2, 127
Let g = -7 + 15. What are the prime factors of ((-18)/g)/(93/(-60884))?
3, 491
Suppose -3*l = -l - 3510. Suppose -9*c = -4*c + a - l, 2*c + 3*a = 702. What are the prime factors of c?
3, 13
Let g = -262 - -264. Suppose -k - 2*m - 2*m = -377, -g*m = 6. What are the prime factors of k?
389
Suppose 12*n - 26 - 1066 = 0. Suppose -n*h + 1881 = -80*h. List the prime factors of h.
3, 19
Suppose -5*v = -20, 2*v = 2*x + 7*v + 208. Let h = -70 - x. List the prime factors of h.
2, 11
Let w(n) = 3 + 491*n**2 + 8 + 4*n - 13*n - 3 - 2. What are the prime factors of w(1)?
2, 61
Suppose -s = 4, 19*t - 3*s - 51 = 16*t. Let p(z) = 2*z**2 + 16*z - 31. List the prime factors of p(t).
5, 103
Let x(n) = n**3 + 5*n**2 - 4*n + 14. Suppose -5*r - 36 + 6 = 0. Let z be x(r). Suppose -z*q + 52 = -5*j - 220, 5*q - 709 = -2*j. List the prime factors of q.
3, 47
Let d(t) = -4649*t**3 - 2*t**2 - 31*t - 29. What are the prime factors of d(-1)?
4649
Let l be 6/(-16) + (-22295)/(-104). Let x = l - 40. What are the prime factors of x?
2, 3, 29
Let z(b) = 441*b**2 - 20*b + 2. Let i = -160 + 158. List the prime factors of z(i).
2, 3, 7, 43
Let z = 26682 - 14080. What are the prime factors of z?
2, 6301
Suppose -8086 + 40342 = 7*a + 17*a. What are the prime factors of a?
2, 3, 7
Let i(k) = 10*k**2 - 13*k + 27. Suppose -15*w = -137 + 32. List the prime factors of i(w).
2, 3, 71
Let r be 6846/112 + 1/(-8). Let y = 184 + r. List the prime factors of y.
5, 7
Let p(u) = -u**2 - 4*u - 4. Let q(c) = 4*c**2 + 11*c + 12. Let f(x) = -7*p(x) - 2*q(x). Let n be f(6). List the prime factors of 82/n*2*1.
41
Suppose -3*y + 4 = 2*w, -1 = 4*y + 4*w - 5. What are the prime factors of (y*(-3092)/8)/(-1)?
773
Let l(i) be the third derivative of -i**6/60 + 2*i**5/15 - 7*i**4/24 + 5*i**3/2 - 3*i**2 - 2*i. List the prime factors of l(-5).
2, 5
Suppose -4*b + 6 = -k, -3*b = -k + 3*k - 10. List the prime factors of (-674)/((k + (-15)/9)*-6).
337
Let z = 75596 + -39111. What are the prime factors of z?
5, 7297
Suppose -9*p = -6*p - 9. Suppose -3*x + 8*o + 523 = p*o, -4*x + 5*o = -699. Suppose 11*q + x = 15*q. What are the prime factors of q?
2, 11
Suppose x = -4*h + 14233, 6*h = -2*x + 4*h + 28496. List the prime factors of x.
3, 4751
Let k(c) = -2*c**3 - 137*c + 3. What are the prime factors of k(-16)?
13, 17, 47
Let t = -3697 + 3705. What are the prime factors of t?
2
Let r be (((4 - 4)/3)/1)/(-1). Suppose -7*v + 1205 - 162 = r. Let b = v + -44. What are the prime factors of b?
3, 5, 7
Let f be (1/1*64/(-8))/(-2). Suppose -4*q - 10*t + 940 = -13*t, -f*q - 3*t = -916. List the prime factors of q.
2, 29
Suppose 487872 = -11*h + 41*h - 6*h. List the prime factors of h.
2, 3, 7, 11
Let n(f) = -12*f**2 - 7*f + 24. Let j be n(6). Let s = j - -14. Let v = s - -632. What are the prime factors of v?
2, 7
Let y = -19 + 467. Suppose -3*m - 6*n = -n - 1324, y = m + 3*n. List the prime factors of m.
433
Suppose 0 = 6*g - 150581 - 57211. Suppose -4*z + 40*z = g. List the prime factors of z.
2, 13, 37
Suppose -57*b = -2*h - 52*b + 33552, -5*h + 3*b + 83937 = 0. List the prime factors of h.
3, 29, 193
Suppose -8 - 7 = -5*x. Let l(q) = -2*q + 8. Let p be l(x). Suppose -65 = -p*s + s. List the prime factors of s.
5, 13
Suppose 5*m - 1192 = 3*y, -3*m + 414 = -y + 2*m. Let g = y + 641. What are the prime factors of g?
2, 3, 7
Let s = -17891 - -70014. List the prime factors of s.
47, 1109
Let r = -834 - -1642. Let g = r + -72. List the prime factors of g.
2, 23
Let w = 145126 + -77113. List the prime factors of w.
3, 11, 229
Suppose 7 = -5*m + 22. Let j(l) = -l**3 + 6*l**2 - 7*l. Let b be j(m). Suppose g + 422 = 5*f, 2*f - 3*g = -b*g + 179. What are the prime factors of f?
5, 17
Let t be 5/(-5)*(34 - 1). Let d = t - -39. List the prime factors of d.
2, 3
Let r be 4/22 + (232740/(-99))/(-6). Suppose 3*h - 5*y = r, -2*h + 5*y + 180 + 78 = 0. List the prime factors of h.
2, 67
Let w be (5229 + 1)*2 + 2/(-2). Suppose -5*i + 3*m + w = -m, 3*m - 10452 = -5*i. List the prime factors of i.
3, 17, 41
Suppose 679 = 5*k + l, 5*k - 357 = l + 324. Suppose 0 = k*r - 143*r + 2401. List the prime factors of r.
7
Let w = -285 - 15. What are the prime factors of (-2786)/(-5) - (-60)/w?
557
Let n = -93 - -84. Let l = n - -426. List the prime factors of l.
3, 139
Suppose 2*c = -4*v + 11456, -5*c - 6*v + 4*v + 28632 = 0. What are the prime factors of c?
2, 7, 409
Let a(f) = -9 + 50*f**2 + 55*f**2 - 107*f**2 + 32*f. What are the prime factors of a(13)?
3, 23
Let i(j) = j**2 - 15*j + 10. Let p(g) = 3*g + 9. Let l be p(2). What are the prime factors of i(l)?
2, 5
What are the prime factors of 890/(-90) - -10 - 3*788146/(-54)?
2, 21893
Suppose 5*y + 105 = 5*c - 100, -y - 209 = -5*c. List the prime factors of 14184/c + 2/7.
2, 13
List the prime factors of (-26159872)/(-1280) + ((-6)/15 - 0).
107, 191
Let h be (-19 - 4989)/((2/(-1))/4). Suppose 0 = 19*p + h - 30213. List the prime factors of p.
1063
Suppose -104*y + 100*y + 5*p + 71980 = 0, 2*y - 35990 = -4*p. List the prime factors of y.
5, 59, 61
Suppose -376194 = -58*i - 99214 + 133486. List the prime factors of i.
3, 7, 337
Let n = 99 + -92. Let u(g) = -g**3 + 10*g**2 + 2. List the prime factors of u(n).
149
Suppose -2 = f - i, -f - 2*i = 2*i - 23. Suppose 4*t + x = 2*x + 3, 2*x - 16 = -f*t. List the prime factors of ((-584)/(-12) - t)/((-3)/(-9)).
2, 5, 7
Suppose 3*l + 2*o - 10 - 202 = 0, 128 = 2*l - 2*o. Let i = l - -94. List the prime factors of i.
2, 3
Suppose -23 + 18 = s, -2*i + 41 = -s. List the prime factors of i/((-16450)/1830 + 9).
3, 61
Suppose 0 = 12*t - 15*t + 6. Let h(f) = f**3 + f**2 - 4*f. Let w be h(t). Suppose 3*q = -z + 504, 0*z - 670 = -w*q - 2*z. List the prime factors of q.
13
Suppose 4*n + 0 = 3*g - 56, n = 5*g - 99. Suppose 15*x = g*x - 4640. What are the prime factors of x?
2, 29
Suppose 8*p - 38014 = 86538. List the prime factors of p.
15569
Let g(h) = -h**2 + h. Let y(j) = -11*j**2 - 43*j + 52. Let s(w) = 2*g(w) - y(w). What are the prime factors of s(-14)?
2, 541
What are the prime factors of ((-3506)/(-5))/(35 - 29549/845)?
13, 1753
Suppose -462 - 1199 = 2*w - 3*w. What are the prime factors of w?
11, 151
What are the prime factors of 443308/18 + (27 - (-10045)/(-369))?
2, 47, 131
Suppose 16*u = 13965 + 71763. What are the prime factors of u?
2, 3, 19, 47
Let x = 40 - 39. Let n be (-1)/5 + x*2013/15. Suppose -3*y - n = -c, -4*c = 3*y - 6*y - 518. What are the prime factors of c?
2
Suppose n = -o + 282, -5*n + 3*o + 551 + 843 = 0. Let y = n - 163. What are the prime factors of y?
3, 13
Let a(d) = 19*d + 0*d**3 + 14*d**2 - 2*d**3 + d**3 - 13 + 2*d**2. Let l be a(16). Suppose 2*v - l = -57. What are the prime factors of v?
3, 13
Let p = 6226 + 19601. List the prime factors of p.
3, 8609
Suppose q + 8 = 10. Suppose -2*y + 2 = q*t - 0, 5*t = 3*y + 29. What are the prime factors of -282*5/(-10) + y?
2, 3, 23
Suppose -11927 = -6*b + 4*i + 3957, 8 = -4*i. What are the prime facto